{"id":447,"date":"2018-11-15T08:12:15","date_gmt":"2018-11-15T08:12:15","guid":{"rendered":"http:\/\/eliott-prestige.com\/wp-content\/uploads\/2018\/11\/header_avion.jpg"},"modified":"2018-11-15T08:12:15","modified_gmt":"2018-11-15T08:12:15","slug":"loft-parisien","status":"inherit","type":"attachment","link":"https:\/\/eliott-prestige.com\/en\/services\/customized-transportation\/transfers\/loft-parisien\/","title":{"rendered":"Loft parisien"},"author":3,"comment_status":"open","ping_status":"closed","template":"","meta":[],"description":{"rendered":"<p class=\"attachment\"><a href='https:\/\/eliott-prestige.com\/wp-content\/uploads\/2018\/11\/header_avion.jpg'><img width=\"300\" height=\"76\" src=\"https:\/\/eliott-prestige.com\/wp-content\/uploads\/2018\/11\/header_avion-300x76.jpg\" class=\"attachment-medium size-medium\" alt=\"\" loading=\"lazy\" srcset=\"https:\/\/eliott-prestige.com\/wp-content\/uploads\/2018\/11\/header_avion-300x76.jpg 300w, https:\/\/eliott-prestige.com\/wp-content\/uploads\/2018\/11\/header_avion-768x195.jpg 768w, https:\/\/eliott-prestige.com\/wp-content\/uploads\/2018\/11\/header_avion-1024x259.jpg 1024w, https:\/\/eliott-prestige.com\/wp-content\/uploads\/2018\/11\/header_avion.jpg 1200w\" sizes=\"100vw\" \/><\/a><\/p>\n"},"caption":{"rendered":"<p>Loft parisien<\/p>\n"},"alt_text":"","media_type":"image","mime_type":"image\/jpeg","media_details":{"width":1200,"height":304,"file":"2018\/11\/header_avion.jpg","sizes":{"thumbnail":{"file":"header_avion-150x150.jpg","width":150,"height":150,"mime_type":"image\/jpeg","source_url":"https:\/\/eliott-prestige.com\/wp-content\/uploads\/2018\/11\/header_avion-150x150.jpg"},"medium":{"file":"header_avion-300x76.jpg","width":300,"height":76,"mime_type":"image\/jpeg","source_url":"https:\/\/eliott-prestige.com\/wp-content\/uploads\/2018\/11\/header_avion-300x76.jpg"},"medium_large":{"file":"header_avion-768x195.jpg","width":768,"height":195,"mime_type":"image\/jpeg","source_url":"https:\/\/eliott-prestige.com\/wp-content\/uploads\/2018\/11\/header_avion-768x195.jpg"},"large":{"file":"header_avion-1024x259.jpg","width":1024,"height":259,"mime_type":"image\/jpeg","source_url":"https:\/\/eliott-prestige.com\/wp-content\/uploads\/2018\/11\/header_avion-1024x259.jpg"},"twentyseventeen-thumbnail-avatar":{"file":"header_avion-100x100.jpg","width":100,"height":100,"mime_type":"image\/jpeg","source_url":"https:\/\/eliott-prestige.com\/wp-content\/uploads\/2018\/11\/header_avion-100x100.jpg"},"full":{"file":"header_avion.jpg","width":1200,"height":304,"mime_type":"image\/jpeg","source_url":"https:\/\/eliott-prestige.com\/wp-content\/uploads\/2018\/11\/header_avion.jpg"}},"image_meta":{"aperture":"0","credit":"Uolir - Fotolia","camera":"","caption":"Loft parisien","created_timestamp":"0","copyright":"Uolir - Fotolia","focal_length":"0","iso":"0","shutter_speed":"0","title":"Loft parisien","orientation":"1","keywords":["salon","loft","int\u00e9rieur","architecture","vue","Paris","si\u00e8ges","fauteuil","design","France","ville","citadin","maison","france","europe","luxe","luxueux","d\u00e9coration","d\u00e9co","3D","parquet","vitres","immobilier","appartement","tour eiffel","sculpture"]}},"post":163,"source_url":"https:\/\/eliott-prestige.com\/wp-content\/uploads\/2018\/11\/header_avion.jpg","_links":{"self":[{"href":"https:\/\/eliott-prestige.com\/en\/wp-json\/wp\/v2\/media\/447\/"}],"collection":[{"href":"https:\/\/eliott-prestige.com\/en\/wp-json\/wp\/v2\/media\/"}],"about":[{"href":"https:\/\/eliott-prestige.com\/en\/wp-json\/wp\/v2\/types\/attachment\/"}],"author":[{"embeddable":true,"href":"https:\/\/eliott-prestige.com\/en\/wp-json\/wp\/v2\/users\/3\/"}],"replies":[{"embeddable":true,"href":"https:\/\/eliott-prestige.com\/en\/wp-json\/wp\/v2\/comments\/?post=447"}]}}

intérieur

sièges

décoration

déco
